*v**2 - 171*v + 809. Give w(-38).
87
Let r(u) = -2*u**2 - 104*u + 79. Calculate r(-53).
-27
Let d(t) = t**3 - 25*t**2 + 83*t - 2071. Calculate d(25).
4
Let k(x) = 3*x**2 - 100. Determine k(12).
332
Let i(j) = 49*j - 334. What is i(7)?
9
Let u(f) = f**3 + 63*f**2 + 168*f - 717. Determine u(-60).
3
Let q(f) = 2*f**3 + 16*f**2 - 34*f + 5. Give q(2).
17
Let a(u) = u**3 + 2*u**2 - 24*u - 34. What is a(-5)?
11
Let c(s) = 16*s**2 - 1500*s - 375. Give c(94).
1
Let f(h) = -127*h - 516. What is f(-4)?
-8
Let k(q) = q**3 - 11*q**2 - 443*q + 295. Give k(27).
-2
Let i(b) = 112*b + 1826. Determine i(-18).
-190
Let a(c) = -c**2 - 23*c + 746. Determine a(-34).
372
Let u(z) = -z**3 - 34*z**2 - z + 1. Determine u(-34).
35
Let k(x) = x**3 - x**2 + 2*x + 3. Give k(6).
195
Let r(g) = -30*g**2 - 2580*g - 39. Give r(-86).
-39
Let q(m) = 290*m + 287. What is q(-1)?
-3
Let y(r) = r**3 + 5*r**2 - 9*r - 49. What is y(-5)?
-4
Let j(p) = -22*p**3 - 14*p - 33. Determine j(-2).
171
Let f(a) = 47*a - 357. Give f(-3).
-498
Let b(x) = 36*x + 716. Give b(-21).
-40
Let j(q) = q**3 + 37*q**2 - 45*q - 243. Give j(-38).
23
Let n(g) = -14*g + 549. What is n(40)?
-11
Let g(k) = 168*k**2 + 140*k - 140. Calculate g(1).
168
Let s(i) = -i**3 + 51*i**2 + 38*i + 723. Determine s(52).
-5
Let i(d) = -2*d**3 + 8*d**2 - 5*d - 21. Determine i(2).
-15
Let h(y) = -y**2 - 18*y + 139. What is h(6)?
-5
Let m(c) = 15*c + 177. Determine m(-13).
-18
Let m(y) = 10*y - 79. Give m(5).
-29
Let w(r) = 7*r**2 + 27*r + 13. Calculate w(-12).
697
Let a(p) = -p**3 + 7*p**2 + 141*p - 617. Determine a(4).
-5
Let j(m) = -17*m**2 - 2*m. Give j(-2).
-64
Let x(r) = -r**2 + 68*r + 289. Determine x(72).
1
Let y(w) = 2*w**3 + 14*w**2 - 13*w - 3. What is y(5)?
532
Let c(x) = -848*x - 13559. Determine c(-16).
9
Let y(k) = 136*k - 1915. Determine y(14).
-11
Let b(j) = j**2 - 3735*j + 22379. What is b(6)?
5
Let h(o) = -2*o**3 + 450*o**2 + 451*o + 234. Give h(226).
8
Let a(z) = -z**3 - 113*z**2 + 466*z - 255. Determine a(-117).
-21
Let t(a) = -a**3 + 2*a**2 - 7*a + 18. Give t(5).
-92
Let j(k) = -13*k**2 - 96*k - 101. Determine j(-8).
-165
Let x(y) = -y**2 + 28*y - 97. Give x(24).
-1
Let s(m) = 27*m + 205. Determine s(-6).
43
Let l(p) = 2*p**2 - 70*p - 316. Calculate l(39).
-4
Let j(r) = r**2 + 103*r - 2. Give j(0).
-2
Let p(v) = 21*v + 620. What is p(-30)?
-10
Let y(q) = -628*q + 1257. What is y(2)?
1
Let l(b) = 14022*b - 28058. Give l(2).
-14
Let l(c) = -c**2 - 46*c - 8. Calculate l(0).
-8
Let s(x) = -39*x + 390. Give s(10).
0
Let y(d) = -3*d**2 - 18*d - 91. What is y(-17)?
-652
Let h(j) = -85*j - 43. What is h(-4)?
297
Let o(l) = -3*l**3 + 24*l**2 - 2*l + 39. Give o(8).
23
Let t(n) = -n**2 + 39*n - 355. What is t(22)?
19
Let u(i) = -4*i**2 + 15*i + 22. What is u(4)?
18
Let b(l) = -l**3 - 18*l**2 - 50*l - 104. What is b(-15)?
-29
Let x(k) = 7*k**2 + 83*k - 34. What is x(0)?
-34
Let a(h) = -236*h**2 + 4005*h + 131. Determine a(17).
12
Let a(p) = -22*p + 663. What is a(30)?
3
Let x(z) = 2*z**2 + 66*z + 438. Determine x(-9).
6
Let g(p) = p**3 + 43*p**2 + 44*p - 45. What is g(-42)?
-129
Let n(v) = -11*v**3 - 12*v**2 + 214*v + 220. Determine n(-1).
5
Let a(j) = -5081*j + 30447. What is a(6)?
-39
Let r(i) = -4*i**2 - 23*i + 40. Give r(-7).
5
Let w(s) = -s**3 - 29*s**2 - 132*s + 130. Give w(-23).
-8
Let t(u) = -172*u**2 - 1242*u + 17. Determine t(-7).
283
Let j(p) = -4*p**2 + 27*p - 58. Give j(5).
-23
Let r(j) = -5*j**2 + 223*j + 76. Calculate r(45).
-14
Let r(w) = w**2 - 20*w + 23. Give r(12).
-73
Let g(u) = -u**2 - 11*u + 13. Determine g(-16).
-67
Let w(y) = 3*y + 50. Determine w(-24).
-22
Let a(k) = -8*k**2 - 4*k - 82. What is a(8)?
-626
Let i(f) = -f**2 - 204*f - 2124. Give i(-11).
-1
Let u(w) = -w**3 + 2*w**2 + 2*w - 63. Determine u(-5).
102
Let f(v) = -156*v**2 - 795*v - 10. Give f(-5).
65
Let d(i) = 709*i - 2135. What is d(3)?
-8
Let b(a) = 2*a**2 + 209*a + 993. What is b(-5)?
-2
Let m(y) = -11*y**3 - y**2 - 21*y - 39. Give m(-4).
733
Let k(g) = 230*g**2 - 3*g + 1. Determine k(1).
228
Let p(f) = 7*f**2 + 37*f + 106. Determine p(-4).
70
Let i(t) = 2*t**2 - 57*t - 64. What is i(30)?
26
Let x(n) = n**3 + 69*n**2 - 28*n + 8084. Give x(-71).
-10
Let l(b) = 17*b**2 + 52*b + 23. What is l(-1)?
-12
Let d(q) = q**3 - 5*q**2 - 272*q + 1988. What is d(8)?
4
Let i(y) = y**2 + 17*y - 127. Calculate i(-27).
143
Let v(m) = m**3 + 22*m**2 + 25*m + 137. What is v(-21)?
53
Let b(u) = -u**3 + 53*u**2 - 671*u + 35. Calculate b(20).
-185
Let m(i) = 95*i**2 - 24*i + 52. Give m(2).
384
Let i(r) = 9*r - 595. Give i(54).
-109
Let h(f) = -3*f + 176. What is h(55)?
11
Let l(q) = 193*q - 413. Calculate l(2).
-27
Let y(b) = -119*b - 1290. Give y(-16).
614
Let p(d) = 2*d**3 - 21*d**2 - 100*d + 10. Calculate p(-4).
-54
Let m(p) = -p**3 - 6*p**2 - 9*p - 190. Calculate m(-5).
-170
Let q(u) = -373*u - 3255. What is q(-9)?
102
Let m(y) = 447*y + 10275. Give m(-23).
-6
Let p(o) = 8*o + 203. Determine p(-31).
-45
Let x(o) = 20280*o - 385315. What is x(19)?
5
Let j(a) = 22*a - 31. Give j(-2).
-75
Let r(n) = 441*n - 116433. Determine r(264).
-9
Let f(j) = 927*j + 10193. Determine f(-11).
-4
Let i(p) = -p**3 - 63*p**2 - 559*p + 154. What is i(-11)?
11
Let m(y) = -4*y**2 - 38*y - 108. Calculate m(-3).
-30
Let x(m) = -m**3 - 110*m**2 - 2*m - 222. Calculate x(-110).
-2
Let b(p) = 5*p**2 - 51*p + 45. Calculate b(9).
-9
Let t(u) = 309*u - 2763. Determine t(9).
18
Let b(l) = 12*l**2 - 103*l - 4. What is b(8)?
-60
Let u(c) = -48*c + 400. Determine u(8).
16
Let y(i) = -6*i - 169. Give y(13).
-247
Let d(w) = -9*w**2 + 138*w - 7. Give d(15).
38
Let p(n) = -2*n**3 - 43*n**2 + 22*n - 19. Determine p(-22).
-19
Let z(p) = -p**3 + 87*p**2 - 96*p - 307. Calculate z(86).
-1167
Let b(x) = -x**2 - 53*x + 422. Calculate b(7).
2
Let r(n) = n**2 + 13*n - 5. What is r(-15)?
25
Let g(s) = 5*s**2 - 29*s + 3. Determine g(5).
-17
Let s(h) = 5*h**3 + 59*h**2 + 46*h + 16. What is s(-11)?
-6
Let i(m) = m**3 - 22*m**2 - 13*m + 485. Calculate i(22).
199
Let q(p) = -38*p**2 - 17*p + 13. What is q(-3)?
-278
Let q(a) = 2*a**3 - a**2 + 6*a - 22. Calculate q(0).
-22
Let h(p) = p**3 - 16*p**2 + 56*p - 27. Determine h(11).
-16
Let d(i) = -14*i - 510. What is d(-6)?
-426
Let b(g) = 24*g + 138. What is b(-6)?
-6
Let k(o) = 16*o**2 - 5*o - 5. What is k(-3)?
154
Let b(d) = d**3 - 81*d**2 + 160*d + 1. What is b(2)?
5
Let l(v) = 3*v**2 - 95*v + 452. What is l(26)?
10
Let o(w) = -14*w + 18. Determine o(4).
-38
Let j(h) = h**3 + 20*h**2 + 30*h + 254. What is j(-18)?
362
Let m(r) = r**3 + 14*r**2 + 2*r - 7. Give m(-14).
-35
Let j(t) = 14*t**2 - 28*t + 25. Calculate j(1).
11
Let a(m) = -m**3 + 6*m**2 + 11*m - 19. Determine a(7).
9
Let s(v) = 2*v**3 + 79*v**2 + 767*v + 32. What is s(-17)?
-2
Let l(n) = 8*n**2 - 10*n - 157. What is l(-7)?
305
Let h(b) = b**2 - 15*b + 19. Give h(23).
203
Let x(z) = -388*z - 5068. What is x(-13)?
-24
Let a(o) = -o**2 - 16*o + 49. Determine a(5).
-56
Let f(n) = 692*n + 44. Determine f(-1).
-648
Let p(h) = -h**3 + 54*h**2 + 100*h + 709. What is p(56)?
37
Let r(p) = -4631*p - 46339. Calculate r(-10).
-29
Let o(a) = 11*a**2 - 66*a + 13. Calculate o(4).
-75
Let b(y) = 100*y + 2880. Give b(-29).
-20
Let x(w) = -753*w + 3760. Give x(5).
-5
Let v(h) = 22*h - 1005. Calculate v(35).
-235
Let j(m) = -98*m - 545. Calculate j(-2).
-349
Let h(y) = -y**2 + 5*y + 236. Calculate h(-14).
-30
Let t(v) = v**3 - 82*v**2 + 305*v - 1. Determine t(4).
-29
Let n(f) = -46*f - 207. What is n(-7)?
115
Let d(h) = h**2 + 194*h + 7818. Give d(-137).
9
Let l(v) = 89*v + 125. Determine l(-6).
-409
Let m(p) = -392*p + 1177. What is m(3)?
1
Let b(g) = -g**3 - 16*g**2 + 58*g + 90. What is b(-19)?
71
Let m(l) = -l**2 - 228*l - 8080. Determine m(-184).
16
Let c(n) = n**2 + 47*n - 1559. Give c(22).
-41
Let g(a) = 1171*a - 1188. Give g(1).
-17
Let y(v) = 20*v + 214. What is y(-7)?
74
Let r(i) = -i**3 + 75*i**2 - 214*i - 138. What is r(72)?
6
Let u(x) = -41*x**2 - 223*x - 49. Determine u(-8).
-889
Let k(m) = -m**2 - 38*m + 92. Give k(-24).
428
Let u(v) = 28*v - 382. Give u(14).
10
Let z(f) = -f**2 - 25*f - 39. Give z(-17).
97
Let h(t) = 2*t**3 - 46*t**2 + 18*t + 23. Calculate h(22).
-549
Let o(h) = 221*h - 1973. What is o(9)?
16
Let n(j) = 14*j**2 - j - 82. Give n(0).
-82
Let l(f) = 2*f**3 - 281*f**2 - 18809*f - 172. 